NOAA-Style Climate Reports

Select a Year or Month report
2022: Jan Feb Mar Apr May Jun Jul Aug Sep Oct Nov Dec
2021: Jan Feb Mar Apr May Jun Jul Aug Sep Oct Nov Dec

Report for 2021 May
                   Monthly Climatological Summary for May 2021

Name: Kelly Park   City: Crestline   State: Ohio
Elevation: 1128 ft  Lat: N 40° 47' 11"   Lon: W 082° 44' 52"

                  Temperature (°F), Rain (in), Wind Speed (mph)

                                      Heat  Cool        Avg
    Mean                              Deg   Deg         Wind                 Dom
Day Temp  High   Time   Low    Time   Days  Days  Rain  Speed High   Time    Dir
----------------------------------------------------------------------------------
01  50.5  65.0  6:55PM  30.8  6:46AM   0.0  32.2  0.08   0.3  11.0  6:41PM    SW
02  67.6  79.5  3:35PM  57.1  7:13AM   0.0  49.3  0.02   0.6  13.0 12:56PM   WSW
03  60.7  66.1  5:02PM  55.1  6:00AM   0.0  42.4  0.04   0.0   0.0 12:00AM     N
04  61.7  66.5 12:28PM  54.5 11:58PM   0.0  43.4  0.09   0.0   0.0 12:00AM     N
05  48.0  54.5 12:00AM  38.6 11:55PM   0.0  29.7  0.04   0.0   0.0 12:00AM     N
06  46.4  58.2  1:47PM  34.0  6:36AM   0.0  28.1  0.10   0.0   0.0 12:00AM     N
07  47.6  56.7  4:08PM  42.8 11:37PM   0.0  29.3  0.51   0.0   0.0 12:00AM     N
08  44.9  52.7  5:14PM  37.4  6:34AM   0.0  26.6  0.01   0.0   0.0 12:00AM     N
09  40.1  45.9  1:42AM  36.8  9:08AM   0.0  21.8  2.31   0.0  11.0  6:49PM   NNE
10  43.9  55.8 12:59PM  30.9  5:14AM   0.0  25.6  0.00   0.0   4.0 11:56AM   WSW
11  45.8  53.0  2:45PM  36.4 11:57PM   0.0  27.5  0.01   0.0   0.0 12:00AM     N
12  46.5  60.5  2:31PM  31.0  6:36AM   0.0  28.2  0.00   0.0   0.0 12:00AM     N
13  50.3  64.8  4:25PM  33.2  6:07AM   0.0  32.0  0.00   0.0   0.0 12:00AM     N
14  52.7  67.1  3:25PM  36.4  6:23AM   0.0  34.5  0.00   0.0   0.0 12:00AM     N
15  56.8  70.1  3:24PM  39.3  6:20AM   0.0  38.6  0.00   0.0   0.0 12:00AM     N
16  61.5  71.0  4:09PM  53.1  6:42AM   0.0  43.2  0.00   0.0   0.0 12:00AM     N
17  62.1  72.9  2:08PM  52.2  6:27AM   0.0  43.8  0.00  ----   0.0 12:00AM     N
18  64.3  78.4  4:12PM  46.7  6:08AM   0.0  46.1  0.00  ----   0.0 12:00AM     N
19  70.0  82.7  2:21PM  54.7  6:17AM   0.0  51.8  0.00  ----   0.0 12:00AM     N
20  72.7  85.6  3:25PM  58.7  4:53AM   0.0  54.4  0.00  ----   0.0 12:00AM     N
21  73.2  85.9  4:29PM  59.4  5:14AM   0.0  54.9  0.00  ----   0.0 12:00AM     N
22  71.1  81.5  5:43PM  58.8  5:54AM   0.0  52.8  0.00  ----   0.0 12:00AM     N
23  74.3  85.6  4:53PM  62.6  3:20AM   0.0  56.0  0.89  ----   0.0 12:00AM     N
24  70.6  80.2  4:48PM  62.8  6:20AM   0.0  52.3  0.00  ----   0.0 12:00AM     N
25  77.7  86.1  2:20PM  68.5  6:55AM   0.0  59.4  0.00  ----   0.0 12:00AM     N
26  71.2  77.2 10:50AM  62.2 11:58PM   0.0  52.9  0.30  ----   0.0 12:00AM     N
27  62.3  73.1  5:16PM  53.7  6:27AM   0.0  44.0  0.00  ----   0.0 12:00AM     N
28  52.8  61.2  5:02AM  43.9 11:10PM   0.0  34.4  0.45  ----  19.0  7:16PM   NNE
29  48.3  54.5  6:01PM  43.9  2:24AM   0.0  30.0  0.01  ----  15.0 12:07AM   NNE
30  54.8  65.5  2:12PM  45.3  1:54AM   0.0  36.5  0.00  ----   8.0  1:05PM     N
31  57.1  70.7  5:20PM  40.5  4:45AM   0.0  38.8  0.00  ----   0.0 12:00AM     N
----------------------------------------------------------------------------------
    58.3  86.1    25    30.8     1     0.01240.5  4.86   0.1  19.0    28     WSW

Max >=  27.0 31
Max <=   0.0  0
Min <=   0.0  0
Min <= -18.0  0
Max Rain: 2.31 on day 9
Days of Rain: 5 (>= 0.20 in)  1 (>= 2.00 in)  0 (>= 20.00 in)
Heat Base: 18.3  Cool Base: 18.3  Method: Integration