NOAA-Style Climate Reports
Select a Year or Month report
2024: Jan Feb Mar Apr May Jun Jul Aug Sep Oct Nov Dec
2023: Jan Feb Mar Apr May Jun Jul Aug Sep Oct Nov Dec
2022: Jan Feb Mar Apr May Jun Jul Aug Sep Oct Nov Dec
2021: Jan Feb Mar Apr May Jun Jul Aug Sep Oct Nov Dec
2024: Jan Feb Mar Apr May Jun Jul Aug Sep Oct Nov Dec
2023: Jan Feb Mar Apr May Jun Jul Aug Sep Oct Nov Dec
2022: Jan Feb Mar Apr May Jun Jul Aug Sep Oct Nov Dec
2021: Jan Feb Mar Apr May Jun Jul Aug Sep Oct Nov Dec
Report for 2024
Annual Climatological Summary for 2024 Name: Kelly Park City: Crestline State: Ohio Elevation: 1152 ft Lat: N 40° 47' 10" Lon: W 082° 44' 52" Temperature (°F), Heat Base: 65.0 Cool Base: 65.0 Dep. Heat Cool Max Max Min Min Mean Mean From Deg Deg >= <= <= <= YR MO Max Min Mean Norm Days Days Hi Date Low Date 80.0 32.0 32.0 0.0 ------------------------------------------------------------------------------------ 24 1 34.3 23.8 28.5 0.0 1130 0 56.2 26 -1.9 15 0 10 23 1 24 2 47.3 27.3 36.7 0.0 810 0 68.1 27 11.7 18 0 3 22 0 24 3 52.7 34.3 43.4 0.0 673 3 72.9 4 19.7 21 0 1 16 0 24 4 64.1 44.4 54.0 0.0 371 40 83.1 16 26.8 25 3 0 4 0 24 5 75.7 55.1 65.2 0.0 115 120 88.2 21 42.2 30 11 0 0 0 24 6 81.8 61.6 71.9 0.0 44 250 93.8 21 44.9 11 18 0 0 0 24 7 82.7 62.6 72.3 0.0 25 215 89.3 13 50.4 1 18 0 0 0 24 8 24 9 24 10 24 11 24 12 ------------------------------------------------------------------------------------ 62.2 43.8 52.7 0.0 3167 628 93.8 Jun -1.9 Jan 50 14 65 1 Precipitation (in) Dep. Max Days of Rain From Obs. >= YR MO Total Norm Day Date 0.01 0.10 1.00 --------------------------------------------- 24 1 3.17 0.0 0.93 9 17 7 0 24 2 1.18 0.0 0.62 22 6 2 0 24 3 3.08 0.0 0.97 14 19 8 0 24 4 5.01 0.0 1.25 2 18 9 2 24 5 4.80 0.0 0.98 9 14 12 0 24 6 2.44 0.0 1.04 5 8 6 1 24 7 1.52 0.0 0.60 10 9 3 0 --------------------------------------------- 21.20 0.0 1.25 Apr 91 47 3 Wind Speed (mph) Dom YR MO Avg. Hi Date Dir ------------------------------ 24 1 1.6 38.0 14 WSW 24 2 1.1 30.0 28 SW 24 3 1.3 32.0 26 WSW 24 4 1.2 33.0 14 WSW 24 5 0.3 31.0 27 WSW 24 6 0.3 33.0 7 WSW 24 7 0.3 46.0 14 WSW 24 8 24 9 24 10 24 11 24 12 ------------------------------ 0.9 46.0 Jul WSW